hat is the remainder when 231015955 is divided by 757?
751
Calculate the remainder when 11745519 is divided by 3915169.
12
Calculate the remainder when 31805 is divided by 1985.
45
Calculate the remainder when 341448 is divided by 1423.
1351
Calculate the remainder when 32553060 is divided by 78.
72
What is the remainder when 1010688749 is divided by 916?
913
What is the remainder when 642417 is divided by 1487?
33
Calculate the remainder when 1944902 is divided by 1540.
1422
Calculate the remainder when 1290778 is divided by 26.
8
Calculate the remainder when 962757 is divided by 962731.
26
What is the remainder when 325333 is divided by 755?
683
What is the remainder when 79610 is divided by 39763?
84
What is the remainder when 174565 is divided by 9272?
7669
What is the remainder when 6939582 is divided by 1051?
880
What is the remainder when 855358 is divided by 22402?
4082
What is the remainder when 34772957 is divided by 4967563?
16
What is the remainder when 6051649 is divided by 10?
9
Calculate the remainder when 12196673 is divided by 40.
33
What is the remainder when 10727510 is divided by 715167?
5
What is the remainder when 29410410 is divided by 4850?
10
Calculate the remainder when 12991802 is divided by 43.
40
Calculate the remainder when 25126944 is divided by 179.
177
Calculate the remainder when 536007 is divided by 267966.
75
What is the remainder when 166993 is divided by 407?
123
What is the remainder when 489784 is divided by 551?
496
Calculate the remainder when 30279 is divided by 1440.
39
Calculate the remainder when 11654512 is divided by 6134.
6046
What is the remainder when 378052 is divided by 125964?
160
Calculate the remainder when 1867995052 is divided by 459.
457
Calculate the remainder when 1677767 is divided by 419423.
75
What is the remainder when 438242 is divided by 128?
98
What is the remainder when 79390 is divided by 418?
388
Calculate the remainder when 17496335 is divided by 50.
35
What is the remainder when 464357 is divided by 46423?
127
Calculate the remainder when 5883 is divided by 50.
33
Calculate the remainder when 6930457 is divided by 969.
169
Calculate the remainder when 867984 is divided by 48221.
6
What is the remainder when 2787861 is divided by 1924?
1909
Calculate the remainder when 520080 is divided by 6843.
12
What is the remainder when 104356999 is divided by 1141?
1139
What is the remainder when 147213 is divided by 5213?
1249
What is the remainder when 11933614 is divided by 1704789?
91
What is the remainder when 2076512 is divided by 137?
3
What is the remainder when 408444 is divided by 204186?
72
What is the remainder when 865533 is divided by 432546?
441
What is the remainder when 9120947 is divided by 70705?
2
What is the remainder when 190407 is divided by 31711?
141
Calculate the remainder when 114717 is divided by 206.
181
Calculate the remainder when 1434090 is divided by 716976.
138
What is the remainder when 261034 is divided by 19573?
6585
Calculate the remainder when 922806 is divided by 1869.
1389
Calculate the remainder when 408813309 is divided by 8544.
8541
What is the remainder when 2875685 is divided by 152?
149
What is the remainder when 21700 is divided by 10812?
76
Calculate the remainder when 28024555 is divided by 62.
59
What is the remainder when 54308343 is divided by 2445?
3
Calculate the remainder when 398363 is divided by 691.
347
Calculate the remainder when 1210193 is divided by 191.
17
What is the remainder when 307850109 is divided by 16?
13
Calculate the remainder when 273130 is divided by 2026.
1646
What is the remainder when 401588 is divided by 1643?
696
What is the remainder when 697643 is divided by 21110?
1013
What is the remainder when 221616 is divided by 44321?
11
What is the remainder when 267327 is divided by 942?
741
Calculate the remainder when 35295538 is divided by 114.
112
What is the remainder when 37454 is divided by 3759?
3623
Calculate the remainder when 28399420 is divided by 2455.
2435
Calculate the remainder when 22614815 is divided by 3769110.
155
Calculate the remainder when 291592 is divided by 207.
136
Calculate the remainder when 259969408 is divided by 33.
28
What is the remainder when 9727815 is divided by 1389673?
104
Calculate the remainder when 949064 is divided by 892.
868
Calculate the remainder when 10188013 is divided by 1088.
1069
Calculate the remainder when 75401 is divided by 2080.
521
What is the remainder when 1057612 is divided by 23?
3
What is the remainder when 1157631 is divided by 2?
1
What is the remainder when 34214915 is divided by 9638?
15
Calculate the remainder when 274059601 is divided by 91.
88
What is the remainder when 39142904 is divided by 193?
188
What is the remainder when 257335 is divided by 28576?
151
Calculate the remainder when 39144 is divided by 4330.
174
What is the remainder when 1024690 is divided by 12865?
8355
Calculate the remainder when 95018 is divided by 330.
308
Calculate the remainder when 18755515 is divided by 3830.
5
What is the remainder when 2647569492 is divided by 143?
139
Calculate the remainder when 71185 is divided by 40.
25
Calculate the remainder when 2216924 is divided by 297.
116
Calculate the remainder when 4922939 is divided by 862.
57
What is the remainder when 30206769 is divided by 5034460?
9
Calculate the remainder when 7202848 is divided by 2400939.
31
What is the remainder when 65095 is divided by 21549?
448
Calculate the remainder when 166415708 is divided by 77.
74
Calculate the remainder when 297846 is divided by 27049.
307
Calculate the remainder when 265771 is divided by 1661.
11
What is the remainder when 57070 is divided by 28364?
342
What is the remainder when 306633 is divided by 36796?
12265
Calculate the remainder when 1214036 is divided by 404620.
176
Calculate the remainder when 2781993 is divided by 7.
4
Calculate the remainder when 170038674 is divided by 20.
14
Calculate the remainder when 5180965 is divided by 11.
9
Calculate the remainder when 23233587 is divided by 839.
838
What is the remainder when 1782529 is divided by 2291?
131
Calculate the remainder when 1887511 is divided by 122.
49
What is the remainder when 11493565 is divided by 13881?
97
What is the remainder when 11926934 is divided by 9?
8
What is the remainder when 1797751 is divided by 4342?
163
Calculate the remainder when 3412528 is divided by 4550.
28
What is the remainder when 1275788 is divided by 1158?
830
Calculate the remainder when 171427 is divided by 85661.
105
What is the remainder when 3489246 is divided by 5202?
3906
Calculate the remainder when 3742993 is divided by 37.
36
What is the remainder when 269958 is divided by 2842?
2810
What is the remainder when 1222493 is divided by 1598?
23
Calculate the remainder when 4168889 is divided by 2438.
2347
Calculate the remainder when 38750 is divided by 1458.
842
Calculate the remainder when 357348 is divided by 4876.
1400
What is the remainder when 577379 is divided by 183?
14
Calculate the remainder when 352615 is divided by 86.
15
Calculate the remainder when 1033711 is divided by 54404.
35
Calculate the remainder when 2816287 is divided by 108318.
19
Calculate the remainder when 1869437 is divided by 2291.
2272
What is the remainder when 5306305 is divided by 3542?
389
Calculate the remainder when 53597 is divided by 2915.
1127
Calculate the remainder when 9188490 is divided by 10734.
186
Calculate the remainder when 100318 is divided by 3609.
2875
What is the remainder when 202628214 is divided by 8?
6
Calculate the remainder when 2729126 is divided by 16.
6
What is the remainder when 405911 is divided by 2537?
2528
Calculate the remainder when 5139793 is divided by 856632.
1
What is the remainder when 92540 is divided by 1666?
910
What is the remainder when 596239 is divided by 595966?
273
What is the remainder when 59252 is divided by 8101?
2545
Calculate the remainder when 604156 is divided by 100636.
340
Calculate the remainder when 150611 is divided by 4088.
3443
Calculate the remainder when 521808141 is divided by 173936043.
12
What is the remainder when 230680508 is divided by 2606?
2600
Calculate the remainder when 523177 is divided by 41.
17
Calculate the remainder when 6178504 is divided